et d(f) = -f**2 - 112*f + 336. Give d(-115).
-9
Let n(f) = 63*f + 4851. Calculate n(-78).
-63
Let i(v) = v**3 - 17*v**2 + v - 21. Give i(19).
720
Let h(k) = -k**2 - k + 166. Give h(17).
-140
Let m(v) = -123*v + 587. Calculate m(5).
-28
Let o(t) = -2*t**2 + 616*t + 57440. Calculate o(383).
-10
Let g(w) = -9*w**2 + 140*w - 94. What is g(15)?
-19
Let v(q) = 2*q**2 + 37*q - 321. Calculate v(6).
-27
Let o(j) = j**3 + 3*j**2 + j - 29. Give o(5).
176
Let c(p) = p**3 + 8*p**2 - 386*p - 49. Give c(16).
-81
Let h(n) = -n**3 + 64*n**2 + 419*n + 67. Determine h(70).
-3
Let b(y) = 212*y + 1141. What is b(-7)?
-343
Let m(l) = -3*l**3 - 41*l**2 + 6*l - 139. Calculate m(-14).
-27
Let l(d) = -2*d**2 - 10*d + 9. What is l(-6)?
-3
Let q(p) = p**2 + 94*p + 653. Calculate q(-8).
-35
Let c(s) = -2*s**3 - s**2 + 83*s + 12. What is c(0)?
12
Let s(b) = 1604*b - 6423. Calculate s(4).
-7
Let k(c) = -586*c + 11476. What is k(20)?
-244
Let b(j) = j**3 + 285*j**2 + 568*j + 3. What is b(-2)?
-1
Let l(c) = 2*c**3 - 236*c**2 - 241*c + 350. Determine l(119).
-7
Let f(w) = -w**2 + 68*w - 502. Determine f(13).
213
Let d(n) = -2*n**3 - 19*n**2 + 12*n + 140. Calculate d(-9).
-49
Let s(w) = -40*w + 268. Calculate s(7).
-12
Let o(r) = 65*r - 4489. Calculate o(69).
-4
Let m(w) = -20*w**2 + 400*w - 1. What is m(20)?
-1
Let u(a) = 197*a**3 - a**2 + 8*a - 8. Determine u(1).
196
Let y(r) = 27*r + 283. Calculate y(-35).
-662
Let u(k) = -2*k**3 - 2*k**2 + 9*k - 17. Determine u(4).
-141
Let m(f) = -2*f**3 - 40*f**2 - 72*f + 25. Give m(-18).
25
Let t(x) = -x**3 + 42*x**2 - 73*x - 290. What is t(40)?
-10
Let l(m) = 16*m + 145. Give l(-20).
-175
Let o(d) = -256*d - 185. Give o(-1).
71
Let s(t) = -t**3 + t**2 + 16. Determine s(-5).
166
Let v(j) = -39*j**2 - 110*j + 15. What is v(-3)?
-6
Let k(s) = 59*s + 1771. Determine k(-30).
1
Let c(f) = f**3 - 12*f**2 + 5*f + 10. What is c(6)?
-176
Let s(b) = b**3 + 43*b**2 - 140*b - 94. Calculate s(-46).
-2
Let c(x) = x**3 + 27*x**2 + 137*x - 73. Give c(-19).
212
Let c(v) = v**3 + 15*v**2 + 5*v + 29. Calculate c(-15).
-46
Let p(c) = -3*c**3 - c**2 + 2*c + 27. Calculate p(0).
27
Let y(q) = q**2 - 28*q + 205. Determine y(13).
10
Let x(c) = -6*c**2 - 634*c - 16384. Determine x(-45).
-4
Let b(w) = -105*w**2 - 208*w + 1. What is b(-2)?
-3
Let s(c) = -3*c**2 + 90*c - 28. Give s(30).
-28
Let w(f) = 186*f + 2606. Determine w(-14).
2
Let f(o) = -865*o - 4285. What is f(-5)?
40
Let l(m) = 62*m**2 + 6336*m + 1220. Give l(-102).
-4
Let c(y) = 2*y**3 + 13*y**2 + 27*y + 100. Give c(-6).
-26
Let s(z) = -z**3 + 7*z**2 - z + 132. Determine s(9).
-39
Let t(k) = 2*k**2 - 600. Give t(17).
-22
Let h(s) = 60*s - 15057. Calculate h(251).
3
Let k(h) = -h**3 + 3*h**2 - 48*h + 96. What is k(2)?
4
Let d(o) = -o**3 + 45*o**2 - 509*o + 64. Calculate d(22).
-2
Let u(k) = 19*k**2 + 3*k - 14. Give u(-1).
2
Let u(f) = f**3 - 35*f**2 - 52*f + 45. Determine u(36).
-531
Let h(v) = -10*v**2 - 55*v - 195. Give h(-5).
-170
Let i(w) = w**2 - 15*w + 5. Determine i(14).
-9
Let j(l) = -26*l**2 + 13*l + 18. Calculate j(-2).
-112
Let c(j) = -65*j - 875. Give c(-6).
-485
Let p(i) = -i**2 - 42*i - 476. Give p(-10).
-156
Let v(z) = 6*z**3 + 9*z**2 - 5*z - 38. What is v(-4)?
-258
Let u(a) = 23*a**2 + 669*a + 42. What is u(-29)?
-16
Let c(y) = 3*y**3 + 91*y**2 + 13*y - 654. What is c(-30)?
-144
Let q(i) = 3*i**3 - 4*i**2 + 101*i - 201. Calculate q(2).
9
Let s(g) = g**2 + 43*g - 350. Determine s(7).
0
Let b(d) = 4*d**2 - 90*d + 90. Give b(1).
4
Let h(d) = -27*d**2 + 382*d - 26. Calculate h(14).
30
Let k(f) = -f**3 - 23*f**2 - 129*f - 12. Calculate k(-14).
30
Let t(a) = -179*a - 2904. Give t(-16).
-40
Let d(o) = -131*o - 402. Calculate d(-3).
-9
Let w(p) = p**2 - 446*p - 48246. What is w(-90)?
-6
Let b(d) = -23*d - 4. Give b(-1).
19
Let a(n) = 4*n**2 + 2*n + 9. Give a(6).
165
Let i(v) = 490*v - 9310. Calculate i(19).
0
Let z(m) = 19*m + 850. Determine z(-46).
-24
Let u(x) = 15*x**3 + 116*x**2 - 33*x - 11. What is u(-8)?
-3
Let k(i) = 2*i**3 + 47*i**2 + 159*i + 1. Calculate k(-4).
-11
Let r(w) = -114*w + 182. Determine r(2).
-46
Let g(q) = -165*q + 21749. Calculate g(132).
-31
Let n(l) = 2*l - 375. Give n(-20).
-415
Let v(c) = c**3 - 21*c**2 - 9*c - 313. What is v(22)?
-27
Let g(c) = 2019*c + 22254. Give g(-11).
45
Let g(q) = 10*q - 288. Calculate g(59).
302
Let w(f) = 3*f**2 - 18*f - 279. Calculate w(0).
-279
Let p(d) = 44*d**2 - 72*d + 309. Calculate p(4).
725
Let q(l) = 1145*l + 8065. Give q(-7).
50
Let a(o) = -148*o - 13179. Calculate a(-89).
-7
Let v(b) = -3*b**2 + 589*b - 27958. Give v(116).
-2
Let h(j) = 4*j**3 - 207*j**2 - 54*j + 17. Determine h(52).
-87
Let g(n) = -11*n**2 + 105*n - 38. Calculate g(9).
16
Let c(u) = -6*u + 128. Determine c(6).
92
Let w(v) = -v**3 + 14*v**2 - 20*v + 5. Calculate w(12).
53
Let l(v) = 340*v - 1362. What is l(4)?
-2
Let k(g) = 3*g**2 + g - 742. Calculate k(16).
42
Let z(c) = -4585*c + 36695. What is z(8)?
15
Let s(l) = -l**2 - 185*l - 551. Calculate s(-3).
-5
Let j(a) = -8693*a - 312942. Determine j(-36).
6
Let f(b) = 3*b**3 - 22*b**2 + 25*b - 119. Determine f(7).
7
Let n(j) = -9*j**2 + 1718*j - 1514. Determine n(190).
6
Let j(t) = -2*t**3 + 67*t**2 + 13*t + 496. Give j(34).
-218
Let z(y) = y**3 + 2*y**2 - 35*y - 4. What is z(-7)?
-4
Let i(s) = -17*s - 255. Determine i(-16).
17
Let x(l) = l**3 + 89*l**2 + 421*l + 73. Give x(-84).
-11
Let r(s) = -158*s**2 + 476*s - 36. Determine r(3).
-30
Let t(s) = -s**3 - 8*s**2 - 6*s - 133. Give t(-9).
2
Let j(f) = 28*f - 277. What is j(-12)?
-613
Let s(l) = 8*l - 46. Give s(-13).
-150
Let s(i) = -i**3 + 175*i**2 - 377*i + 5353. Calculate s(173).
-10
Let b(u) = 62*u - 976. Give b(15).
-46
Let i(r) = -138*r**2 - 113*r + 112. What is i(1)?
-139
Let x(y) = 2*y**3 + 47*y**2 + 68*y + 6. Give x(-22).
-38
Let p(b) = 5*b**3 - 433*b**2 - 630*b + 1248. Calculate p(88).
16
Let p(c) = -433*c + 433. Calculate p(1).
0
Let g(i) = 88*i**2 - 949*i - 213. What is g(11)?
-4
Let u(y) = -2*y**2 + 231*y - 1554. Give u(109).
-137
Let q(a) = -9*a**2 - 530*a + 58. Determine q(-58).
522
Let j(y) = -y**2 + 37*y + 2088. Give j(-34).
-326
Let p(y) = 41*y + 1359. Calculate p(-33).
6
Let y(l) = 2*l**2 + 312*l + 1507. What is y(-5)?
-3
Let s(w) = -w**2 - 25*w - 62. Give s(-20).
38
Let n(s) = -s**3 + 30*s**2 - 53*s + 44. Calculate n(28).
128
Let a(s) = 9*s**3 - 10*s**2 + 24*s. Calculate a(4).
512
Let z(w) = -w**2 - 11*w + 55. What is z(8)?
-97
Let l(k) = 31*k**3 + 2*k**2 - 46*k - 49. Give l(-1).
-32
Let w(v) = 11*v**2 - 20*v + 33. Give w(2).
37
Let l(f) = -647*f - 29754. Calculate l(-46).
8
Let w(q) = 24*q**2 + 15*q - 14. Give w(2).
112
Let z(l) = l**2 + 5*l - 10. Calculate z(-11).
56
Let p(w) = w**3 - 76*w**2 + 1224*w - 292. Give p(53).
-27
Let q(c) = -113*c + 1457. Give q(13).
-12
Let g(a) = -188*a - 1153. What is g(-6)?
-25
Let j(k) = k**3 - 30*k**2 + 78*k + 17. Give j(27).
-64
Let s(d) = d**2 + 38*d + 311. Calculate s(-12).
-1
Let h(c) = 19*c**2 + 46*c + 4. Determine h(-4).
124
Let v(h) = h**3 - 57*h - 5. Determine v(6).
-131
Let u(b) = -b**3 - 314*b**2 - 1392*b - 47118. Determine u(-310).
2
Let a(r) = 38*r + 2037. Give a(-53).
23
Let m(y) = -14*y**2 + 61*y + 349. Determine m(-5).
-306
Let r(o) = -165*o + 20. What is r(0)?
20
Let z(t) = t**3 + 69*t**2 + 87*t + 1314. Calculate z(-68).
22
Let i(n) = 19694*n - 19688. Calculate i(1).
6
Let o(k) = -4*k + 230. Determine o(59).
-6
Let r(q) = 5*q - 30. Give r(-22).
-140
Let w(q) = -8*q**2 - 22*q + 163. Calculate w(4).
-53
Let u(t) = -120*t - 763. What is u(-5)?
-163
Let z(i) = 15*i + 38. Give z(-26).
-352
Let b(y) = -4*y**2 + 32*y - 22. What is b(14)?
-358
Let b(n) = n**2 + 22*n - 45. Determine b(-11).
-166
Let d(w) = -3*w**3 + 17*w**2 - 2*w + 6. What is d(7)?
-204
Let h(p) = -p**3 - 4*p**2 + 8*p + 7. Give h(-5).
-8
Let o(c) = -607*c - 547. What is o(-1)?
60
Let g(t) = -t**2 + 58*t + 18. Give g(59).
-41
Let d(v) = v**3 - 39*v**2 - 91*v + 379. Determine d(41).
10
Let r(d) = 55*d**2 + 106*d - 3. What is r(-2)?
5
Let z(s) = s**3 + 9*s**2 + 15*s - 24. Give z(-10).
-274
Let n(c) = 2*c**3 - 7*c**2 + 3*c + 6. Give n(3).
6
Let u(y) = -y**3 - 25*y**2 - 45*y - 35. Calculate u(-23).
-58
Let d(q) = -737*q - 5104. Calculate d(-7).
55
Let j(b) = -b**3 + 30*b**2 + 105*b - 171. Calculate j(33).
27
Let v(w) = -443*w + 3103. Calculat